) = -94*p - 197. Let j be (-366)/24 + (-2)/24*-3. What are the prime factors of a(j)?
1213
Let l be -3*((-3)/9)/(3/237). Let y = 191 + l. List the prime factors of y.
2, 3, 5
Suppose -10 = 12*l - 46. Suppose 0 = 4*n + 4*d - 4492, d = l*n - 2*n - 1119. List the prime factors of n.
19, 59
Let h = -56 - -52. Let a(l) = -5*l**3 - 7*l**2 - 4*l - 3. What are the prime factors of a(h)?
13, 17
What are the prime factors of (7 - 902442/12)/((-18)/12)?
50131
Let m be 18 - 20 - (-1 + 1421) - 3. Let d = m - -2064. What are the prime factors of d?
3, 71
List the prime factors of (-880)/120*(-7044)/16*2.
11, 587
Let g = 1790 - 1440. List the prime factors of g.
2, 5, 7
Suppose 38*y - 3798 = -4*v + 35*y, -2*v = -3*y - 1890. What are the prime factors of v?
2, 3, 79
Let k = -22 + 39. Let d be (-28)/238 - (-2)/k. Suppose 7*u - 14*u + 1099 = d. List the prime factors of u.
157
Suppose -50 = 4*u - 5*x + 50, 0 = -2*u - 5*x - 80. Let c be (-6075)/u*(-12)/(-5). Suppose 0 = -5*g - 66 + c. What are the prime factors of g?
2, 3, 7
Suppose -2*t + 15 = 3*t. Suppose 0 = t*n - m + 2*m - 11, -2*m + 4 = 0. Suppose -5*v + c + 38 = 0, n*v - 4*c = -0*v + 33. What are the prime factors of v?
7
Let c = -21899 + 22691. List the prime factors of c.
2, 3, 11
Let n(a) = -9*a - 36. Let y be n(-4). Suppose -12*q + 15*q - 771 = y. List the prime factors of q.
257
Suppose 4*d - 3*b = -15 - 0, 3*d = -5*b + 25. List the prime factors of -2 + d/1 + (5 - -2015).
2, 1009
Let w = -74 - -113. Let i = w + -41. Let f(g) = 27*g**2 + 2*g. List the prime factors of f(i).
2, 13
Suppose 6*j - 16 = 26. Let s(o) = 3*o + 0*o + 5 - 4 + 8. List the prime factors of s(j).
2, 3, 5
Let y be (-1)/1*0 - 0. Let m be -2 + 4 - y/3. Suppose 4*p - m*z = 166, -224 = -5*p + 4*z - 21. What are the prime factors of p?
43
Suppose 2*q = 58*i - 61*i + 336, 5*i = 3*q + 541. Let t be 222/(-5) - 4/(-10). Let u = i + t. List the prime factors of u.
2, 3, 11
Let k = 1972 - -752. Let c(a) = -4*a**3 - 7*a**2 + 6*a + 3. Let m be c(-6). Suppose -13*y - m = -k. List the prime factors of y.
3, 5, 11
Suppose -31 = -2*g - f, -6*f + 3*f - 51 = -2*g. Suppose 20*v - g*v = 422. List the prime factors of v.
211
Let m = -122 - -122. Suppose m = -h - 2*h + 1302. Suppose -2*b = a - h, -2*b + b = -4*a - 226. What are the prime factors of b?
2, 109
Suppose -161*q + 5099769 + 3715236 = 284*q. What are the prime factors of q?
3, 31, 71
Let h(b) = 38*b + 315 - 44*b + 29. Let p be h(0). Suppose -3*q + f + p = 0, f + 15 = -q + 127. What are the prime factors of q?
2, 3, 19
Let m = 36681 + -19938. List the prime factors of m.
3, 5581
List the prime factors of 6/14 + (-73585980)/(-1652).
2, 3, 29
Suppose 9348 = 2*l + 11*z - 8*z, 4*l + 5*z - 18692 = 0. List the prime factors of l.
2, 3, 389
Suppose -3964 = -2*x - 4*l + 8*l, -l = 5. Suppose 2*p - 376 = -4*d + 936, 5*d - x = -3*p. List the prime factors of p.
2, 83
Let u = 38 - 31. Let i(w) = w**3 - 5*w**2 - 16*w + 4. Let g be i(u). Let f(k) = -9*k - 21. What are the prime factors of f(g)?
3, 23
Let r be 1/((-2 + 6)/4). Let q be (-6 - r)*(1 - (-1354)/(-14)). Suppose q + 50 = 6*g. List the prime factors of g.
2, 3, 5
Suppose -10*a + 73748 = n + 8277, -5*n + 4*a = -326977. List the prime factors of n.
7, 9343
Let w be (48/8 + 2)*(-2)/(-4). Suppose -1482 = 2*x + w*x. Let u = -129 - x. List the prime factors of u.
2, 59
Let s(m) = -m**3 + 7*m**2 + 10*m - 8. Let d(c) = 5*c**2 - c - 1. Let n be d(-1). Suppose -41 = 5*k + 4*l, 5*l + n + 15 = 0. List the prime factors of s(k).
2, 11
Suppose 0*l - 46 = a + 5*l, -10 = 5*l. Let n = a + 38. Suppose -5*j + 35 = n*z, -4*z - 3*j + 91 = -0. What are the prime factors of z?
5
What are the prime factors of (-300)/3*(-2547)/(26 - 17)?
2, 5, 283
Let v(k) = 2*k**2 - 5*k + 4. Let f be v(2). Suppose -f*n = 8*n - 30. Suppose -14*y + n*y + 539 = 0. List the prime factors of y.
7
Let w(g) = -11*g + 12. Let i be w(-12). Suppose -5*r = -5*z + 1160, -z + i = r - 88. Suppose -5*h + z = 72. What are the prime factors of h?
2
Let q = -139 - -136. List the prime factors of 146/(-219) + (-3680)/q.
2, 613
Let t(u) = -98*u + 155. Let l(g) = 102*g - 155. Let c(d) = -2*l(d) - 3*t(d). List the prime factors of c(10).
5, 149
Suppose -4*d + 1 = -2*d - 5*f, 5*f = -4*d - 73. Suppose -2*w + 0*w - 1020 = 0. List the prime factors of 2/(-4) + w/d.
2, 3, 7
Let q(m) = 14*m + 2*m - m**3 + 2*m**2 - m**2 - 10*m. Let g be q(3). Let z(c) = -2*c**3 - c**2 + 69. What are the prime factors of z(g)?
3, 23
Suppose 4*z + 60 = -11*z. List the prime factors of (7 - 6)/(1/z) - -100.
2, 3
Let z(n) be the second derivative of -n**3/6 + 6*n**2 - 11*n. Let d be z(-6). Suppose -d*p - 84 = -22*p. What are the prime factors of p?
3, 7
Suppose -u + 6 = 5*u. Let h be (u - 1 - 3) + 15. What are the prime factors of -1*h*(-5 - 2)?
2, 3, 7
Let a = 155 - 83. Suppose -3*v - 18 = m - 6*m, -2*m + 5*v = -11. Suppose a + 27 = m*o. List the prime factors of o.
3, 11
Suppose p + 3*d + 2*d = 8, 0 = 4*p - 4*d - 8. Suppose p*i - 2*i - 3*w - 716 = 0, i = -4*w + 723. What are the prime factors of i?
719
Let u(d) = 303*d + 8908. What are the prime factors of u(130)?
2, 19, 31, 41
Let p(h) = -h + 5. Let w be p(0). Suppose -2*z = -k + 3*k - 188, 0 = w*z. Suppose 7*m - k = 6*m. What are the prime factors of m?
2, 47
Suppose -n - 3*v = -25, 2*n + 9 = -3*v + 47. Suppose -6531 = -n*w - 1136. Suppose -22*s - w = -27*s. What are the prime factors of s?
83
Let m = 103 + 217. List the prime factors of m/(-6)*1*(-48)/8.
2, 5
Suppose 0 = 4*j + 3*m + 3 + 1, 5*j - 6 = -m. Let l(o) = 147*o**3 - o**2 - 4. List the prime factors of l(j).
2, 73
Let t be 1 + 26/(-22) - 1266/(-66). Suppose 0 = t*w - 24*w + 25. Suppose 0 = -g - 5 + 6, -f - w*g + 116 = 0. What are the prime factors of f?
3, 37
Suppose -v - 4756 - 34933 = -5*q, -5*q + 5*v = -39685. What are the prime factors of q?
2, 3, 7
Let h be 177*1/7 + (-6)/21. Let n = -22 + h. Suppose -4*v = 16, -385 + 13 = -4*w + n*v. List the prime factors of w.
2, 3, 5
Suppose -10851 = -3*t + 6894. What are the prime factors of -4 + t/10 + 6/(-12)?
587
Suppose 3*i - 72 = -4*w - 28, -4*i = -5*w - 69. Suppose 0 = -i*z + 7887 + 12753. What are the prime factors of z?
2, 3, 5, 43
Let g = -83 - -346. What are the prime factors of (10 - 644/63) + g/9?
29
Let m(u) = 36*u**2 - 6*u + 2. Let y be m(4). Suppose 0 = -54*j + 56*j - y. What are the prime factors of j?
277
Suppose -6*n + 734 = -820. Suppose -2*l - 5*l = -n. Suppose -h - h - l = -j, 2*j - 78 = 3*h. List the prime factors of j.
3, 5
Suppose 4 = 2*l - 8. Suppose -2*c - 2 = -4*i, 0 = 3*i + 2*c - l*c - 4. Let v = i - -8. List the prime factors of v.
2
Suppose 13040 = 3*o + 2*j, o + 65*j = 64*j + 4348. What are the prime factors of o?
2, 3, 181
Suppose -14*f - 15 + 43 = 0. Suppose n = 4*t + 1691, 25*n - f*t = 21*n + 6792. List the prime factors of n.
1699
Let s(y) = 2124*y**2 + 74*y - 216. List the prime factors of s(3).
2, 3, 3187
Suppose 3*h - 429 = -4*r - 152, -347 = -5*r - 3*h. Suppose -3*z = -4*l - 363, -5*l - 5*z - 410 = r. Let s = -46 - l. List the prime factors of s.
47
Let b(o) = -801*o + 109. List the prime factors of b(-14).
13, 67
Let n = 1145 + 5319. List the prime factors of n.
2, 101
Let k(f) = f**2 - 18*f - 23. Suppose 44 = 2*a + x, -3*a + a + 5*x = -20. Let j be k(a). Suppose -40 = -21*l + j*l. List the prime factors of l.
2, 5
Let p be -13 + -2 + 3 + 0 + 0. Let c be (p/(-6) - 2)/(-1). Suppose -66*l + 69*l - 171 = c. What are the prime factors of l?
3, 19
Suppose -5*i - 21 = -b + 5*b, i = 3*b - 8. What are the prime factors of 452 - (2 - -6 - b)?
5, 89
Let t(j) = -j**3 + 3*j**2 + 15*j - 20. Let c be t(5). Suppose -1146 = c*n - 11*n. List the prime factors of n.
191
Let j(l) = 32 - 5*l - 223 + 17*l + 18*l. List the prime factors of j(10).
109
Let m(s) = 117*s - 193. Let l be m(-11). List the prime factors of (1 + -3)/(37/l).
2, 5
What are the prime factors of (-264554)/(-14) - (11 + -13)/(2 - -5)?
3, 6299
Suppose -3*o - 5*g + 304 = 0, 0 = -77*o + 79*o - 4*g - 254. List the prime factors of o.
113
Let r = 11929 + 140. List the prime factors of r.
3, 149
Suppose -2*q = 10, -q = 5*z + q - 20. Suppose 25 = -11*i + z*i. Let m(f) = -f**3 - 4*f**2 + 2*f - 6. List the prime factors of m(i).
3
What are the prime factors of (6 - (-8)/(-2)) + (-176552)/(-13 - -9)?
